+ r - 30. Let w be q(-11). Suppose 2*a = -5*i + 567 - 93, 2*i = 3*a + w. Calculate the greatest common factor of 12 and i.
12
Suppose -a + 240 = r, 300 = 3*r + 4*a - 417. Suppose 5*z + u - 33 = 5*u, z = -3*u + 18. What is the highest common divisor of z and r?
9
Suppose 10*b = -s + 8*b + 7697, -4*b = 4*s - 30784. What is the greatest common factor of 57 and s?
57
Let f = -2920 + 3056. Let b be 10/(-65) + (-106)/(-13). Calculate the highest common factor of b and f.
8
Let f be (-56250)/4*(1012/(-6325))/(1/5). What is the greatest common factor of 25 and f?
25
Let x(n) = n**2 - 8*n - 5. Let u be x(11). Suppose -4*o = -56 - u. Calculate the highest common divisor of 9 and o.
3
Let t be (-4)/(-46) + (11 + 1257/(-92))*-24. Calculate the highest common factor of 144 and t.
16
Let o = -5426 + 5679. What is the highest common divisor of 3 and o?
1
Let w(r) = -12*r + 66. Let p(z) = -26*z + 131. Let y(b) = -4*p(b) + 9*w(b). Let j be y(-5). Calculate the highest common factor of 36 and j.
18
Let a be -1 + 236/26 - 60/780. Calculate the highest common factor of a and 668.
4
Suppose a - 227 = -3*x, x + 895 = 4*a - 26. What is the highest common divisor of 90 and a?
10
Let o = -530 + 751. Suppose 2*k + t = 22, 138*k - 141*k - 5*t = -19. What is the highest common divisor of k and o?
13
Suppose 65*t - 5696 = 63*t - 4*c, -5*t + c + 14240 = 0. Calculate the highest common divisor of t and 89.
89
Let n(b) = 18*b - 27. Let k be n(9). Calculate the greatest common factor of k and 18.
9
Let q(j) = -27*j - 120. Let u be q(-8). Let v = u - 63. What is the highest common divisor of v and 143?
11
Let w be -1 - (-1336)/2 - (-5 - -2). Suppose 0*g + 3*g = -1119. Let y = g + w. Calculate the highest common factor of 33 and y.
33
Let r(j) = 7*j - 23. Let w be r(23). Suppose 143*n = 140*n + w. What is the highest common factor of n and 414?
46
Suppose 0 = 50*b - 108996 - 504. Calculate the highest common divisor of b and 30.
30
Suppose 5*g = 2*z + 247, 2*g - 163 = -3*z - 49. Calculate the greatest common factor of g and 2992.
17
Let g be ((-67)/2)/(-1*(-1)/(-10)). What is the highest common divisor of 5 and g?
5
Let a(b) = -112*b - 8. Let g be a(4). Let p be (-2 + -4)/(1/g). Suppose 10*y - 2*y = p. What is the greatest common divisor of y and 38?
38
Suppose 0 = 4*i - 3*z + 16, -2*i - 4*z = -3*i + 9. Let f be (36/42)/((-1)/i). What is the highest common factor of f and 96?
6
Suppose 0 = -7*d + 2*d - 25. Let o be (d - (-8 + -3)) + 1*-4. Let r be o + (-6)/5 + 528/15. What is the greatest common divisor of r and 60?
12
Let p = -15922 - -30193. Calculate the highest common factor of p and 201.
201
Let v(q) = -913*q + 13547. Let c be v(0). What is the highest common factor of c and 31?
31
Let s = 1560 + -1483. Calculate the greatest common factor of 1001 and s.
77
Let n(k) = -3*k - 18. Let c be n(-7). Suppose p - z = -4*p - 159, -c*z = -12. Let l = p - -75. What is the highest common divisor of 11 and l?
11
Suppose -48 = 5*w - 8*w. Suppose 73 = 5*t - 247. What is the highest common divisor of t and w?
16
Suppose 5*q = -14 + 4. Let n be (((-2)/(-3))/q)/(4/(-648)). Calculate the greatest common factor of n and 621.
27
Let v(p) be the second derivative of 0 - 3/2*p**3 + 5/12*p**4 + 1/20*p**5 + 31*p - 2*p**2. Let i be v(-6). Calculate the greatest common factor of i and 224.
14
Suppose 12 = 4*g, 0 = -2*p + 31*g - 32*g + 847. Let q = p + -326. Calculate the highest common factor of q and 240.
48
Suppose 29*b - 1287 - 216 = -140. Calculate the greatest common factor of b and 4.
1
Let o be (9/6 - 2)*-730. Suppose -3*z = 5*z - 14*z + 438. What is the greatest common factor of z and o?
73
Let n(q) be the first derivative of 7*q**4/2 - q**3/3 + q**2 - q + 11. Let w be n(1). Suppose 3*j + w = 4*j. Calculate the highest common factor of j and 28.
14
Suppose v = -u - 28 - 8, 2*u - 4*v = -66. Let j be (-10125)/u + -4 - (-6)/(-21). Calculate the greatest common factor of j and 30.
15
Let d(t) be the second derivative of -15*t + 3/2*t**2 + 1/2*t**3 + t**4 + 0. Let u be d(3). What is the greatest common factor of u and 24?
24
Let t(k) = k**2 - 6. Let s be t(0). Let m(r) = -2*r + 4. Let u be m(s). Let z = 210 + -98. What is the highest common divisor of u and z?
16
Suppose -2*u + 24 = -5*r, -2*u + 7*r - 12 = 11*r. Let w(t) = 5*t**2 + 10*t - 15. Let j be w(u). Calculate the highest common divisor of j and 225.
25
Suppose 4*g + 4 = 0, u - 1 = -3*g + 23. Suppose 0 = d + 1, 5*s + 53 = 2*d. Let c = s - -227. What is the highest common factor of u and c?
27
Let d be -4 + 16 + -21 - -1473. Calculate the highest common factor of 120 and d.
24
Let x be (268905/(-910))/((-3)/58). What is the greatest common divisor of x and 116?
29
Let n be 20/(-150) + 32/15. Let j(q) = 9*q**3 - q**2 - 2*q. Let r be j(n). What is the greatest common factor of 16 and r?
16
Let i = -22 - -52. Let f be ((-144)/(-54))/((-11)/(-1320)). Calculate the highest common divisor of f and i.
10
Suppose 10*k = 11*k - 4*y - 1552, -5*y - 7655 = -5*k. What is the greatest common divisor of k and 12?
12
Suppose -18*k + 18 = -12*k. Let x be ((-19)/(665/(-390)))/(k/14). What is the highest common factor of 156 and x?
52
Suppose 14*u - 10*u = 36. Suppose -2*k + 188 = 14*q - u*q, 5*q + k = 189. Calculate the highest common factor of 95 and q.
19
Suppose -3*y = -0*y - 396. Let u be 3645/(-2187)*9*4/(-5). Calculate the highest common divisor of y and u.
12
Let a(m) = -4*m + 69. Let o be a(19). Suppose -3*h = j - 0*j + 165, -h - 55 = 4*j. Let l = o - h. Calculate the greatest common divisor of l and 6.
6
Suppose -16*t = 4*c - 14*t - 4388, 2*c - 4*t = 2194. Suppose -3*n - 1043 = -c. What is the highest common factor of n and 306?
18
Suppose 24*m = 20*m - 1888. Let d = -468 - m. Calculate the greatest common divisor of 52 and d.
4
Let m(d) = -4079*d**3 + 16*d + 28. Let c be m(-2). What is the greatest common factor of 12 and c?
12
Suppose -2*t = -s + 2, -s - 3*t = -4*t. Let l be ((-119)/(-357))/(s/(-54)). Suppose 5*p + 29 = 389. Calculate the greatest common factor of p and l.
9
Suppose -50 - 374 = -2*q + 5*l, 0 = -5*l - 20. Suppose 0 = -3*g + 319 - q. Calculate the highest common divisor of 663 and g.
39
Let v(d) = 33*d**2 + 42*d**2 - 43 - 9*d**3 - 116*d**2 + 42*d**2 - 16*d. Let n be v(-6). Calculate the greatest common divisor of 19 and n.
19
Suppose b = 33 - 29. Suppose -72 = b*d - 8. Let h(z) = -z**2 - 23*z + 20. Let i be h(d). Calculate the greatest common factor of i and 12.
12
Let k be 4 + 75 + (-18 - -11). Calculate the highest common factor of k and 328.
8
Let r = 1458 - 1157. Calculate the highest common divisor of 26488 and r.
301
Suppose 12*u - 437 - 463 = 0. Suppose -5*v + u = -4*v. What is the greatest common factor of v and 60?
15
Let q(c) = c**3 + 13*c**2 - 52*c + 8. Let x be q(-10). Calculate the greatest common factor of x and 180.
36
Suppose 50*q - 1860 = -74*q. What is the greatest common factor of 205 and q?
5
Suppose -2*s - f = -3*f - 3716, 0 = -2*s - 4*f + 3728. Suppose 8*q + 4*q = s. Calculate the greatest common factor of q and 62.
31
Suppose 21*p - 2*p = -2*p + 3654. Calculate the greatest common divisor of 3219 and p.
87
Suppose 2*w + i - 4 = -0*i, -5*i = 0. Suppose -3*c + 6*c + 5*o - 150 = 0, 5*c = -w*o + 269. What is the greatest common factor of c and 495?
55
Let y = 11157 - 10814. Calculate the highest common factor of y and 441.
49
Let q = 3940 + -3797. Calculate the greatest common factor of q and 2288.
143
Let d(y) = 34 + 2 - 7*y + 9 + 4. Let w be d(-8). Calculate the greatest common divisor of w and 15.
15
Suppose 6*x - 15168 = 3*x - 29*x. Calculate the greatest common divisor of 1264 and x.
158
Let r(w) be the second derivative of w**4/6 - 2*w**3 + 7*w**2 + 26*w. Let l be r(8). Calculate the highest common factor of 23 and l.
23
Let i = 65 + 60. Suppose i = -3*y - 163. Let x = -85 - y. Calculate the greatest common divisor of 143 and x.
11
Suppose 4*l = 11 + 21. Suppose 4*x - l = 5*s, 3*s - s - 10 = -5*x. Let r be x/(3*(-6)/(-45)). Calculate the highest common divisor of r and 10.
5
Let r = 4974 + -884. What is the greatest common factor of r and 30?
10
Let t = 2223 - 1998. Calculate the greatest common factor of t and 6.
3
Let k(h) = h**3 - 2*h**2 + 3*h - 1. Let s be k(2). Suppose 0 = 6*q + 19 - 409. Suppose 